s the tens digit of d?
2
Suppose -2*p + 7 = -89. Suppose -8*q - p = 352. Let u = 26 - q. What is the tens digit of u?
7
Suppose 162 = -2*j - j. Let a = 43 + j. Let w = 85 - a. What is the units digit of w?
6
Suppose -41*d + 74*d = 49*d - 56512. What is the hundreds digit of d?
5
Let t(v) = 4 + v**2 + 9 - 15 + 29*v. Let y be t(21). Suppose 347 + y = 9*l. What is the tens digit of l?
5
Suppose -20*u + 25*u + 3*v - 2263 = 0, 3*v + 1377 = 3*u. Suppose -305 - u = -5*x - 3*i, 2*i = x - 139. What is the tens digit of x?
4
Suppose -8 = 4*g, 0 = -5*z - 0*g - 5*g. Suppose -5*k = -4*k - z. Suppose -y = k*y - 237. What is the tens digit of y?
7
Let i(y) = -69*y + 2 - 2 + 70*y. Let a be i(5). Suppose 4*c - 3*s = -c + 445, -405 = -5*c - a*s. What is the tens digit of c?
8
Suppose 106*f + 156462 = 112*f. Suppose -30*n + f = -22103. What is the hundreds digit of n?
6
Let q(n) be the second derivative of n**7/140 - n**6/360 - n**5/40 - 3*n**4/2 + 7*n. Let t(p) be the third derivative of q(p). What is the units digit of t(-2)?
3
Let u(w) = -4*w**2 - 61*w - 15. Let x be u(-15). Suppose x = 3*v - 5*v + 964. What is the tens digit of v?
8
Let c = -34 + 23. Let m(l) = -l**3 + 46*l**2 + 145*l + 152. Let o be m(49). Let w = o + c. What is the units digit of w?
3
Let f(o) = 3*o - 7. Let u be f(9). Suppose 0 = 3*p + 2*t - u, -1 = t + 4. What is the tens digit of (3 + 2)/p*174?
8
Suppose 280*c - 267*c - 16497 = 0. What is the thousands digit of c?
1
Let o(v) = 10*v**2 + 10*v + 14. Let i be o(-5). Let h = 341 - i. What is the hundreds digit of h?
1
Suppose -5*p = 4*m - 8*p - 34, -3*m + p + 23 = 0. Let f = 142 - m. What is the units digit of f + (1 - 1 - 1/1)?
4
Let n = 10 - 23. Let b(q) = 2*q**3 + 26*q**2 - 27*q + 6. What is the units digit of b(n)?
7
Let i be 2029/3 + (-7)/21 + -2. What is the units digit of (0 + i/4)*(42 - 40)?
7
Let n(z) = -z**2 - 7*z + 1. Let w be n(-8). Let c be (7 + w)/(-1 + 0). Let h = 68 + c. What is the tens digit of h?
6
Suppose -4*u = -5*h + 12378, -4*h - 3*u + 4020 = -5870. What is the units digit of h?
4
Let w(m) = -1308*m**3 + 7*m**2 + 24*m - 3. What is the tens digit of w(-3)?
0
Let l = 9829 - -7523. What is the units digit of l?
2
Let y = 24357 - 14130. What is the tens digit of y?
2
Suppose -33*s - 12816 = -45*s. Suppose -150*p = -147*p - s. What is the hundreds digit of p?
3
Let k(d) = 228*d + 1001. What is the hundreds digit of k(38)?
6
Let p(t) = -t**3 + 11*t**2 + 8*t + 6. Let m be p(9). Suppose b + 24 = 3*o - 60, -5*o + m = -3*b. Let g = -73 - b. What is the units digit of g?
2
Let a = 11 - 8. Let c(v) = -6*v - a + v - v + 15*v**2 + 0*v. What is the hundreds digit of c(3)?
1
Let m = 3537 - -11066. What is the hundreds digit of m?
6
Let v(o) = 2*o**2 - 4*o + 7. Let h be 2 + (48/(-4))/4. Let t be (h/(-3))/((-2)/(-30)). What is the tens digit of v(t)?
3
Suppose -5*g = -4*g - 2. Let y(i) = 17 + 3*i - 33 + 14 + 12*i**g. What is the units digit of y(3)?
5
Suppose -2*i + 140154 = -3*b, -i + 69984 = -19*b + 33*b. What is the thousands digit of i?
0
Suppose -q - 1113 = -1116. Let p = 12 - 9. Suppose 12 = -q*s, p*y - 471 = -s + 146. What is the tens digit of y?
0
Suppose -c + 3*n + 12 = -0*c, 4*c + 4 = -n. Suppose 0*u + 3*u - 6 = c. What is the units digit of (-21)/(-7) + 20/u?
3
What is the tens digit of (5 - 0)*(-98335)/(-277)?
7
Let v(n) = -n**2 + 14*n + 18. Let f be v(15). Suppose f*x - 6 = 3*m, 3*m + 3 + 7 = 5*x. Suppose 10 = 5*h, 2*a = -x*h + 3*h + 312. What is the units digit of a?
7
Suppose 415 = 7*w - 215. What is the hundreds digit of (-72)/w + 13398/10?
3
Let b(g) = 35*g + 84. Let a(w) = -7*w - 17. Let c(q) = -11*a(q) - 2*b(q). Let p be c(-3). What is the units digit of (-90)/(24/(-9) - p)?
5
Let d = -105 + 103. What is the tens digit of (-190)/(-10) - (d + 5)?
1
Let v be 2/11 + (-1036)/11. Let b = -79 - v. Suppose -r + b = -115. What is the tens digit of r?
3
Let w(d) = 11*d**3 + 14*d**2 - 16*d + 74. What is the units digit of w(5)?
9
Let g(k) = 6*k**2 - k. Let m be g(-1). Let q(u) = 13*u**2 + 6*u + 27. What is the units digit of q(m)?
6
Suppose -2*q + 4 = 0, 173 = -2*t - q + 415. Let i be (-10)/(t/(-18)) - 55/(-2). What is the units digit of 2 + -3 + 0 + i?
8
Suppose -20*k + 803 = -477. Suppose 3*a + 0*a = 78. What is the units digit of 39/a*k/3?
2
Let j(p) = -p**2 + 13*p - 17. Let w be j(11). Let q(v) be the second derivative of v**4/4 - 7*v**3/6 + 3*v**2/2 + 32*v. What is the units digit of q(w)?
3
Let x(k) = k**2 - 10*k + 2. Let z be x(10). Suppose 5*i = 3*l + z, l = -2*l + 2*i + 1. What is the tens digit of 18/l + 60/(-15)?
1
Let q(b) = b - 1. Let c(y) be the third derivative of -17*y**4/24 - 4*y**3/3 + 8*y**2. Let l(z) = c(z) + 6*q(z). What is the units digit of l(-6)?
2
Let z = 2579 + 4233. What is the units digit of z?
2
What is the thousands digit of 9 + (54999 - 10) - 5?
4
Suppose 1314*i = 1266*i + 966912. What is the hundreds digit of i?
1
Suppose -16 = -4*w, -543*r - 21124 = -544*r - 6*w. What is the units digit of r?
0
Let c = -1025 - -456. Let u = c + 736. What is the hundreds digit of u?
1
Suppose 2*d - r + 12 = -5*r, 2*d - 4*r = 28. Suppose 2*l + 3*j - 1169 = 0, -5*l - d*j + 686 = -2247. What is the tens digit of l?
8
Let j(x) = -x**3 - 5*x**2 - 6*x - 4. Let n be j(-4). Suppose -41 = t + 2*c, 5*c = n*t - 0*c + 190. What is the hundreds digit of (t/(-36))/(1/92)?
1
Let o be 2/(-9) - (-6 - 91974/54). Suppose 2*u - 1 = 1, -5*n = -u - o. What is the tens digit of n?
4
Let j(z) = z**3 - 6*z**2 - 4*z - 7. Let u be j(7). Let r be (2 - 0)/((-4)/(-364)). Suppose -3*s - u = -r. What is the units digit of s?
6
Suppose -12*f + 20501 = -44443. Suppose -111*w = -100*w - f. What is the hundreds digit of w?
4
Let k(f) be the second derivative of 0 + 17/2*f**2 - 16*f - 1/6*f**3. What is the tens digit of k(-8)?
2
Suppose -3*n = 2*c + 1066, 10*c = -5*n + 5*c - 1770. Let f = n + 847. What is the tens digit of f?
8
Let w(a) = a**3 + 6*a**2 - 2*a + 38. Let b be w(-7). What is the hundreds digit of (-9*12/8)/(b/(-32))?
1
What is the thousands digit of ((-6)/4)/(339/(-3275870)) + 4?
4
Suppose 5*d - 33 = s, 3*d + 5 - 17 = -2*s. Let b be (8/10)/(d/30*-2). What is the units digit of b/10 + 1494/45?
3
Suppose 288*u = 291*u + 4*b - 9992, -b = 1. What is the tens digit of u?
3
What is the thousands digit of (-51)/102 + 18284/8?
2
Let m = 42 + -27. Let j = -12 + m. Suppose -5*w - 5*u = -250, -j*w - 5*u = -7*w + 245. What is the units digit of w?
5
Suppose -19*q + 51320 + 98153 = 0. What is the units digit of q?
7
Let m(t) be the second derivative of -t**5/20 + 11*t**4/6 - 5*t**3 + 47*t**2/2 + 48*t. What is the tens digit of m(19)?
6
Suppose 0 = 13*j - 47 - 31. Suppose j*a - 6 = 3*a, 4*s - 6398 = 3*a. What is the thousands digit of s?
1
Let d(h) = -410*h - 545. What is the hundreds digit of d(-30)?
7
Let r be -10*((-52)/8 - -3). Let i = r + -33. Suppose -5*o = -s - 4*s + 140, 5*s + i*o = 175. What is the units digit of s?
3
Let p(l) = 22*l**2 - 7. Let g(c) = 5*c**3 + c**2 - 7*c - 7. Let o be g(-1). What is the tens digit of p(o)?
4
Suppose 4*a = 2*c + 37880, 0 = -15*c + 16*c - 4. What is the hundreds digit of a?
4
Let p = -82709 - -117998. What is the hundreds digit of p?
2
Let u be (-221)/102 + 2/12. Let n be (-9)/(-2) - ((-3)/u - 1). Suppose -n*l - 153 = -705. What is the tens digit of l?
3
Let r(g) = -21*g + 11. Let j = -46 - -94. Suppose 4*q = -0*y - 5*y - j, -q + 5*y + 13 = 0. What is the units digit of r(q)?
8
What is the units digit of (-10)/100 - ((-7782)/20 + 2)?
7
Let s(p) = 287*p**2 + 5*p - 5. Suppose -11 = 2*f - 6*f + 3*n, 0 = f + 4*n + 2. What is the thousands digit of s(f)?
1
Suppose -4*t = q - 436, 1 - 5 = -t. Suppose 12*j = -2*j + q. What is the units digit of j?
0
Suppose -49 = -14*q + 7. Suppose 0*t + q*w + 720 = t, 4*w + 8 = 0. What is the units digit of t?
2
Suppose -5*g = -g - 16. Suppose g*a + 2 - 18 = 2*x, 0 = 5*a + 5*x + 10. Suppose a*u - 5*j - 268 = 0, 2*j + 514 = 4*u + 3*j. What is the hundreds digit of u?
1
Let h(o) = -4*o + 93. Let i(z) = -z + 23. Let x(f) = -2*h(f) + 9*i(f). Let v be x(-7). Suppose 0 = -13*p + v + 206. What is the tens digit of p?
1
Let l(z) = 21*z + 75. Let b be l(-4). Let c(w) = -6*w + 3. Let f(q) = -1. Let a(x) = c(x) + 15*f(x). What is the units digit of a(b)?
2
Let u = -575 + 420. Let i = 42